{"id":577,"date":"2021-05-04T05:06:24","date_gmt":"2021-05-04T05:06:24","guid":{"rendered":"https:\/\/elsalvajerefinado.net\/index.php\/product\/the-born-of-aplex-2\/"},"modified":"2025-08-16T22:38:03","modified_gmt":"2025-08-16T22:38:03","slug":"blasfemias-de-la-flauta","status":"publish","type":"product","link":"https:\/\/elsalvajerefinado.net\/index.php\/product\/blasfemias-de-la-flauta\/","title":{"rendered":"Blasfemias de la flauta"},"content":{"rendered":"<p>Entre los poetas m\u00e1s resaltantes de los \u00faltimos a\u00f1os, figura, sin duda alguna, Jos\u00e9 Alejandro Pe\u00f1a, voz sustanciada y madura que concita el asombro. Due\u00f1o de un discurso novedoso, entero, elaborado con firme vocaci\u00f3n de trascendencia. \u2014<strong>Jos\u00e9 Rafael Lantigua<\/strong> | \u00daltima Hora, s\u00e1bado 4 de julio de 1992<\/p>\n","protected":false},"excerpt":{"rendered":"<p>Al leer la totalidad de los poemas de Pe\u00f1a, (&#8230;) uno se apercibe que el poeta tiene una propuesta que hacer, la cual es, reconstruir, bajo una iron\u00eda implacable, un mundo po\u00e9tico distinto.&#8221; | \u201c&#8230;el libro (Blasfemias de la flauta) de Jos\u00e9 Alejandro Pe\u00f1a, poeta de la generaci\u00f3n del 80, le coloca, por la pulcritud de su lenguaje (&#8230;) a la vanguardia de ese grupo.\u201d \u2014<strong>Roger Reynoso y Di\u00f3genes C\u00e9spedes | <\/strong>Cultura, El Siglo, 10 de junio del 2000<\/p>\n","protected":false},"featured_media":1369,"comment_status":"open","ping_status":"closed","template":"","meta":{"_monsterinsights_skip_tracking":false,"_monsterinsights_sitenote_active":false,"_monsterinsights_sitenote_note":"","_monsterinsights_sitenote_category":0,"site-sidebar-layout":"default","site-content-layout":"default","ast-site-content-layout":"default","site-content-style":"default","site-sidebar-style":"default","ast-global-header-display":"","ast-banner-title-visibility":"","ast-main-header-display":"","ast-hfb-above-header-display":"","ast-hfb-below-header-display":"","ast-hfb-mobile-header-display":"","site-post-title":"","ast-breadcrumbs-content":"","ast-featured-img":"","footer-sml-layout":"","ast-disable-related-posts":"","theme-transparent-header-meta":"default","adv-header-id-meta":"","stick-header-meta":"","header-above-stick-meta":"","header-main-stick-meta":"","header-below-stick-meta":"","astra-migrate-meta-layouts":"default","ast-page-background-enabled":"default","ast-page-background-meta":{"desktop":{"background-color":"","background-image":"","background-repeat":"repeat","background-position":"center center","background-size":"auto","background-attachment":"scroll","background-type":"","background-media":"","overlay-type":"","overlay-color":"","overlay-opacity":"","overlay-gradient":""},"tablet":{"background-color":"","background-image":"","background-repeat":"repeat","background-position":"center center","background-size":"auto","background-attachment":"scroll","background-type":"","background-media":"","overlay-type":"","overlay-color":"","overlay-opacity":"","overlay-gradient":""},"mobile":{"background-color":"","background-image":"","background-repeat":"repeat","background-position":"center center","background-size":"auto","background-attachment":"scroll","background-type":"","background-media":"","overlay-type":"","overlay-color":"","overlay-opacity":"","overlay-gradient":""}},"ast-content-background-meta":{"desktop":{"background-color":"var(--ast-global-color-5)","background-image":"","background-repeat":"repeat","background-position":"center center","background-size":"auto","background-attachment":"scroll","background-type":"","background-media":"","overlay-type":"","overlay-color":"","overlay-opacity":"","overlay-gradient":""},"tablet":{"background-color":"var(--ast-global-color-5)","background-image":"","background-repeat":"repeat","background-position":"center center","background-size":"auto","background-attachment":"scroll","background-type":"","background-media":"","overlay-type":"","overlay-color":"","overlay-opacity":"","overlay-gradient":""},"mobile":{"background-color":"var(--ast-global-color-5)","background-image":"","background-repeat":"repeat","background-position":"center center","background-size":"auto","background-attachment":"scroll","background-type":"","background-media":"","overlay-type":"","overlay-color":"","overlay-opacity":"","overlay-gradient":""}}},"product_brand":[],"product_cat":[33,32],"product_tag":[29,30,31],"class_list":{"0":"post-577","1":"product","2":"type-product","3":"status-publish","4":"has-post-thumbnail","6":"product_cat-coleccion-lira-de-plata","7":"product_cat-poesia","8":"product_tag-poesia","9":"product_tag-poesia-hispanoamericana-contemporanea","10":"product_tag-poetas-caribenos-del-siglo-xxi","11":"desktop-align-left","12":"tablet-align-left","13":"mobile-align-left","15":"first","16":"instock","17":"sale","18":"shipping-taxable","19":"purchasable","20":"product-type-simple"},"aioseo_notices":[],"_links":{"self":[{"href":"https:\/\/elsalvajerefinado.net\/index.php\/wp-json\/wp\/v2\/product\/577","targetHints":{"allow":["GET"]}}],"collection":[{"href":"https:\/\/elsalvajerefinado.net\/index.php\/wp-json\/wp\/v2\/product"}],"about":[{"href":"https:\/\/elsalvajerefinado.net\/index.php\/wp-json\/wp\/v2\/types\/product"}],"replies":[{"embeddable":true,"href":"https:\/\/elsalvajerefinado.net\/index.php\/wp-json\/wp\/v2\/comments?post=577"}],"wp:featuredmedia":[{"embeddable":true,"href":"https:\/\/elsalvajerefinado.net\/index.php\/wp-json\/wp\/v2\/media\/1369"}],"wp:attachment":[{"href":"https:\/\/elsalvajerefinado.net\/index.php\/wp-json\/wp\/v2\/media?parent=577"}],"wp:term":[{"taxonomy":"product_brand","embeddable":true,"href":"https:\/\/elsalvajerefinado.net\/index.php\/wp-json\/wp\/v2\/product_brand?post=577"},{"taxonomy":"product_cat","embeddable":true,"href":"https:\/\/elsalvajerefinado.net\/index.php\/wp-json\/wp\/v2\/product_cat?post=577"},{"taxonomy":"product_tag","embeddable":true,"href":"https:\/\/elsalvajerefinado.net\/index.php\/wp-json\/wp\/v2\/product_tag?post=577"}],"curies":[{"name":"wp","href":"https:\/\/api.w.org\/{rel}","templated":true}]}}